{"id":3629,"date":"2018-06-25T16:05:07","date_gmt":"2018-06-25T14:05:07","guid":{"rendered":"http:\/\/www.matchangler.de\/?post_type=product&#038;p=3629"},"modified":"2026-04-02T17:57:08","modified_gmt":"2026-04-02T15:57:08","slug":"sonderheft-feeder","status":"publish","type":"product","link":"https:\/\/www.matchangler.de\/?product=sonderheft-feeder","title":{"rendered":"Sonderheft &#8220; FEEDER &#8222;"},"content":{"rendered":"<p>Das Angeln mit dem Futterkorb geh\u00f6rt heute zu den am meisten praktizierten Methoden des modernen Friedfischangelns. Optimal abgestimmtes Ger\u00e4t ist f\u00fcr den Erfolg dieser Methode ebenso wichtig, wie raffinierte Montagen. Welcher Feeder und welche Montage unter welchen Bedingungen den gr\u00f6\u00dften Erfolg versprechen, welche Futtermischungen, K\u00f6der, Haken und Schn\u00fcre die richtigen sind \u2013 das alles er fahren Sie in diesem brandneuen Sonderheft der MatchAngler Professional Serie. Auf \u00fcber 40 Seiten finden Sie Erkl\u00e4rungen und zahlreiche Abbildungen die Ihnen auf einfache Art und Weise dabei helfen erfolgreich zu Angeln.<\/p>\n","protected":false},"excerpt":{"rendered":"<p>Das Angeln mit dem Futterkorb<a class=\"read-more\" href=\"https:\/\/www.matchangler.de\/?product=sonderheft-feeder\"><\/a><\/p>\n","protected":false},"featured_media":3630,"template":"","meta":{"_links_to":"","_links_to_target":""},"product_brand":[],"product_cat":[71],"product_tag":[],"class_list":{"0":"post-3629","1":"product","2":"type-product","3":"status-publish","4":"has-post-thumbnail","6":"product_cat-sonderhefte","7":"product_shipping_class-vse","9":"first","10":"instock","11":"taxable","12":"shipping-taxable","13":"purchasable","14":"product-type-simple"},"yoast_head":"<!-- This site is optimized with the Yoast SEO plugin v27.5 - https:\/\/yoast.com\/product\/yoast-seo-wordpress\/ -->\n<title>Sonderheft &quot; FEEDER &quot; -<\/title>\n<meta name=\"robots\" content=\"index, follow, max-snippet:-1, max-image-preview:large, max-video-preview:-1\" \/>\n<link rel=\"canonical\" href=\"https:\/\/www.matchangler.de\/?product=sonderheft-feeder\" \/>\n<meta property=\"og:locale\" content=\"de_DE\" \/>\n<meta property=\"og:type\" content=\"article\" \/>\n<meta property=\"og:title\" content=\"Sonderheft &quot; FEEDER &quot; -\" \/>\n<meta property=\"og:description\" content=\"Das Angeln mit dem Futterkorb\" \/>\n<meta property=\"og:url\" content=\"https:\/\/www.matchangler.de\/?product=sonderheft-feeder\" \/>\n<meta property=\"article:modified_time\" content=\"2026-04-02T15:57:08+00:00\" \/>\n<meta property=\"og:image\" content=\"https:\/\/www.matchangler.de\/pub\/wp-content\/uploads\/2018\/06\/3639_0.jpg\" \/>\n\t<meta property=\"og:image:width\" content=\"281\" \/>\n\t<meta property=\"og:image:height\" content=\"400\" \/>\n\t<meta property=\"og:image:type\" content=\"image\/jpeg\" \/>\n<script type=\"application\/ld+json\" class=\"yoast-schema-graph\">{\"@context\":\"https:\\\/\\\/schema.org\",\"@graph\":[{\"@type\":\"WebPage\",\"@id\":\"https:\\\/\\\/www.matchangler.de\\\/?product=sonderheft-feeder\",\"url\":\"https:\\\/\\\/www.matchangler.de\\\/?product=sonderheft-feeder\",\"name\":\"Sonderheft \\\" FEEDER \\\" -\",\"isPartOf\":{\"@id\":\"https:\\\/\\\/www.matchangler.de\\\/#website\"},\"primaryImageOfPage\":{\"@id\":\"https:\\\/\\\/www.matchangler.de\\\/?product=sonderheft-feeder#primaryimage\"},\"image\":{\"@id\":\"https:\\\/\\\/www.matchangler.de\\\/?product=sonderheft-feeder#primaryimage\"},\"thumbnailUrl\":\"https:\\\/\\\/www.matchangler.de\\\/pub\\\/wp-content\\\/uploads\\\/2018\\\/06\\\/3639_0.jpg\",\"datePublished\":\"2018-06-25T14:05:07+00:00\",\"dateModified\":\"2026-04-02T15:57:08+00:00\",\"breadcrumb\":{\"@id\":\"https:\\\/\\\/www.matchangler.de\\\/?product=sonderheft-feeder#breadcrumb\"},\"inLanguage\":\"de\",\"potentialAction\":[{\"@type\":\"ReadAction\",\"target\":[\"https:\\\/\\\/www.matchangler.de\\\/?product=sonderheft-feeder\"]}]},{\"@type\":\"ImageObject\",\"inLanguage\":\"de\",\"@id\":\"https:\\\/\\\/www.matchangler.de\\\/?product=sonderheft-feeder#primaryimage\",\"url\":\"https:\\\/\\\/www.matchangler.de\\\/pub\\\/wp-content\\\/uploads\\\/2018\\\/06\\\/3639_0.jpg\",\"contentUrl\":\"https:\\\/\\\/www.matchangler.de\\\/pub\\\/wp-content\\\/uploads\\\/2018\\\/06\\\/3639_0.jpg\",\"width\":281,\"height\":400},{\"@type\":\"BreadcrumbList\",\"@id\":\"https:\\\/\\\/www.matchangler.de\\\/?product=sonderheft-feeder#breadcrumb\",\"itemListElement\":[{\"@type\":\"ListItem\",\"position\":1,\"name\":\"Startseite\",\"item\":\"https:\\\/\\\/www.matchangler.de\\\/\"},{\"@type\":\"ListItem\",\"position\":2,\"name\":\"Sonderheft &#8220; FEEDER &#8222;\"}]},{\"@type\":\"WebSite\",\"@id\":\"https:\\\/\\\/www.matchangler.de\\\/#website\",\"url\":\"https:\\\/\\\/www.matchangler.de\\\/\",\"name\":\"\",\"description\":\"DAS MAGAZINE f\u00fcr den FRIEDFISCHANGLER\",\"potentialAction\":[{\"@type\":\"SearchAction\",\"target\":{\"@type\":\"EntryPoint\",\"urlTemplate\":\"https:\\\/\\\/www.matchangler.de\\\/?s={search_term_string}\"},\"query-input\":{\"@type\":\"PropertyValueSpecification\",\"valueRequired\":true,\"valueName\":\"search_term_string\"}}],\"inLanguage\":\"de\"}]}<\/script>\n<!-- \/ Yoast SEO plugin. -->","yoast_head_json":{"title":"Sonderheft \" FEEDER \" -","robots":{"index":"index","follow":"follow","max-snippet":"max-snippet:-1","max-image-preview":"max-image-preview:large","max-video-preview":"max-video-preview:-1"},"canonical":"https:\/\/www.matchangler.de\/?product=sonderheft-feeder","og_locale":"de_DE","og_type":"article","og_title":"Sonderheft \" FEEDER \" -","og_description":"Das Angeln mit dem Futterkorb","og_url":"https:\/\/www.matchangler.de\/?product=sonderheft-feeder","article_modified_time":"2026-04-02T15:57:08+00:00","og_image":[{"width":281,"height":400,"url":"https:\/\/www.matchangler.de\/pub\/wp-content\/uploads\/2018\/06\/3639_0.jpg","type":"image\/jpeg"}],"schema":{"@context":"https:\/\/schema.org","@graph":[{"@type":"WebPage","@id":"https:\/\/www.matchangler.de\/?product=sonderheft-feeder","url":"https:\/\/www.matchangler.de\/?product=sonderheft-feeder","name":"Sonderheft \" FEEDER \" -","isPartOf":{"@id":"https:\/\/www.matchangler.de\/#website"},"primaryImageOfPage":{"@id":"https:\/\/www.matchangler.de\/?product=sonderheft-feeder#primaryimage"},"image":{"@id":"https:\/\/www.matchangler.de\/?product=sonderheft-feeder#primaryimage"},"thumbnailUrl":"https:\/\/www.matchangler.de\/pub\/wp-content\/uploads\/2018\/06\/3639_0.jpg","datePublished":"2018-06-25T14:05:07+00:00","dateModified":"2026-04-02T15:57:08+00:00","breadcrumb":{"@id":"https:\/\/www.matchangler.de\/?product=sonderheft-feeder#breadcrumb"},"inLanguage":"de","potentialAction":[{"@type":"ReadAction","target":["https:\/\/www.matchangler.de\/?product=sonderheft-feeder"]}]},{"@type":"ImageObject","inLanguage":"de","@id":"https:\/\/www.matchangler.de\/?product=sonderheft-feeder#primaryimage","url":"https:\/\/www.matchangler.de\/pub\/wp-content\/uploads\/2018\/06\/3639_0.jpg","contentUrl":"https:\/\/www.matchangler.de\/pub\/wp-content\/uploads\/2018\/06\/3639_0.jpg","width":281,"height":400},{"@type":"BreadcrumbList","@id":"https:\/\/www.matchangler.de\/?product=sonderheft-feeder#breadcrumb","itemListElement":[{"@type":"ListItem","position":1,"name":"Startseite","item":"https:\/\/www.matchangler.de\/"},{"@type":"ListItem","position":2,"name":"Sonderheft &#8220; FEEDER &#8222;"}]},{"@type":"WebSite","@id":"https:\/\/www.matchangler.de\/#website","url":"https:\/\/www.matchangler.de\/","name":"","description":"DAS MAGAZINE f\u00fcr den FRIEDFISCHANGLER","potentialAction":[{"@type":"SearchAction","target":{"@type":"EntryPoint","urlTemplate":"https:\/\/www.matchangler.de\/?s={search_term_string}"},"query-input":{"@type":"PropertyValueSpecification","valueRequired":true,"valueName":"search_term_string"}}],"inLanguage":"de"}]}},"_links":{"self":[{"href":"https:\/\/www.matchangler.de\/index.php?rest_route=\/wp\/v2\/product\/3629","targetHints":{"allow":["GET"]}}],"collection":[{"href":"https:\/\/www.matchangler.de\/index.php?rest_route=\/wp\/v2\/product"}],"about":[{"href":"https:\/\/www.matchangler.de\/index.php?rest_route=\/wp\/v2\/types\/product"}],"wp:featuredmedia":[{"embeddable":true,"href":"https:\/\/www.matchangler.de\/index.php?rest_route=\/wp\/v2\/media\/3630"}],"wp:attachment":[{"href":"https:\/\/www.matchangler.de\/index.php?rest_route=%2Fwp%2Fv2%2Fmedia&parent=3629"}],"wp:term":[{"taxonomy":"product_brand","embeddable":true,"href":"https:\/\/www.matchangler.de\/index.php?rest_route=%2Fwp%2Fv2%2Fproduct_brand&post=3629"},{"taxonomy":"product_cat","embeddable":true,"href":"https:\/\/www.matchangler.de\/index.php?rest_route=%2Fwp%2Fv2%2Fproduct_cat&post=3629"},{"taxonomy":"product_tag","embeddable":true,"href":"https:\/\/www.matchangler.de\/index.php?rest_route=%2Fwp%2Fv2%2Fproduct_tag&post=3629"}],"curies":[{"name":"wp","href":"https:\/\/api.w.org\/{rel}","templated":true}]}}